and 3855?
3
Calculate the greatest common factor of 2745 and 15.
15
What is the highest common factor of 48 and 324?
12
Calculate the highest common factor of 24 and 1800.
24
Calculate the highest common divisor of 126 and 42.
42
Calculate the highest common factor of 3770 and 78.
26
Calculate the greatest common divisor of 343 and 35.
7
What is the highest common factor of 36 and 672?
12
What is the highest common divisor of 8156 and 8?
4
Calculate the greatest common divisor of 54 and 22.
2
Calculate the greatest common divisor of 656 and 336.
16
Calculate the greatest common divisor of 789 and 16043.
263
Calculate the highest common divisor of 16 and 1016.
8
What is the highest common divisor of 3215 and 40?
5
Calculate the greatest common divisor of 227 and 6.
1
Calculate the highest common divisor of 33 and 121.
11
Calculate the greatest common factor of 28 and 693.
7
What is the greatest common divisor of 160 and 1340?
20
Calculate the greatest common divisor of 350 and 500.
50
What is the greatest common divisor of 315 and 35?
35
Calculate the greatest common divisor of 44 and 4708.
44
Calculate the greatest common factor of 10 and 20.
10
What is the greatest common divisor of 4800 and 375?
75
What is the greatest common factor of 455 and 143?
13
Calculate the greatest common factor of 10 and 7510.
10
Calculate the greatest common divisor of 30 and 35.
5
What is the greatest common factor of 88 and 1056?
88
Calculate the greatest common factor of 549 and 45.
9
What is the greatest common factor of 225 and 425?
25
What is the highest common divisor of 1819 and 17?
17
Calculate the greatest common factor of 2352 and 84.
84
What is the greatest common factor of 1746 and 9506?
194
Calculate the greatest common divisor of 98 and 98.
98
Calculate the greatest common factor of 44040 and 120.
120
Calculate the highest common divisor of 6 and 6870.
6
What is the highest common divisor of 2300 and 130?
10
What is the highest common divisor of 26 and 1157?
13
What is the greatest common factor of 104 and 2040?
8
What is the highest common factor of 12518 and 132?
22
What is the highest common divisor of 84 and 3717?
21
Calculate the highest common divisor of 58 and 1769.
29
Calculate the highest common factor of 84 and 294.
42
Calculate the highest common divisor of 4672 and 1022.
146
What is the highest common divisor of 30 and 270?
30
Calculate the highest common factor of 83 and 83.
83
What is the greatest common divisor of 3264 and 51?
51
Calculate the highest common factor of 5160 and 120.
120
Calculate the highest common factor of 80 and 27392.
16
Calculate the highest common divisor of 810 and 10.
10
What is the highest common divisor of 186 and 1178?
62
Calculate the highest common factor of 11 and 44.
11
What is the greatest common factor of 10620 and 300?
60
Calculate the greatest common factor of 182770 and 98.
98
Calculate the greatest common divisor of 7370 and 110.
110
What is the greatest common factor of 144 and 1960?
8
Calculate the greatest common factor of 48 and 272.
16
Calculate the highest common divisor of 6 and 105.
3
What is the highest common factor of 2904 and 12?
12
What is the highest common factor of 47 and 1081?
47
What is the greatest common factor of 680 and 9860?
340
Calculate the highest common factor of 35 and 1540.
35
Calculate the highest common factor of 130 and 26.
26
Calculate the greatest common factor of 793 and 13.
13
What is the greatest common divisor of 188 and 1598?
94
What is the highest common factor of 2 and 2877?
1
Calculate the greatest common divisor of 72 and 132.
12
Calculate the greatest common divisor of 3479 and 142.
71
What is the highest common divisor of 1056 and 33?
33
Calculate the greatest common factor of 12 and 15.
3
Calculate the highest common factor of 38 and 19.
19
Calculate the highest common factor of 252 and 70.
14
What is the highest common divisor of 86 and 817?
43
Calculate the highest common factor of 108 and 2004.
12
Calculate the highest common divisor of 99828 and 18.
18
Calculate the greatest common divisor of 650 and 20.
10
What is the greatest common factor of 60 and 1620?
60
Calculate the highest common factor of 36 and 36.
36
What is the highest common factor of 279 and 9858?
93
What is the highest common divisor of 324 and 10854?
162
Calculate the greatest common factor of 55 and 1815.
55
What is the highest common divisor of 124 and 8618?
62
Calculate the greatest common factor of 640 and 112.
16
Calculate the highest common divisor of 1400 and 390.
10
Calculate the greatest common factor of 4 and 42.
2
Calculate the highest common divisor of 1169 and 1002.
167
Calculate the highest common divisor of 1080 and 80.
40
What is the highest common divisor of 77 and 11?
11
What is the greatest common factor of 990 and 414?
18
Calculate the greatest common divisor of 3422 and 118.
118
What is the highest common divisor of 6475 and 21?
7
Calculate the highest common factor of 33 and 114.
3
What is the highest common divisor of 702 and 5733?
117
What is the highest common factor of 118 and 6313?
59
What is the highest common factor of 55136 and 16?
16
What is the greatest common factor of 1080 and 220?
20
Calculate the greatest common factor of 6 and 2778.
6
What is the highest common divisor of 620 and 180?
20
Calculate the highest common divisor of 1 and 79.
1
Calculate the greatest common factor of 477 and 9.
9
Calculate the highest common divisor of 832 and 156.
52
What is the highest common divisor of 54 and 102?
6
What is the greatest common divisor of 869 and 11?
11
Calculate the highest common divisor of 221 and 323.
17
What is the highest common divisor of 68150 and 235?
235
What is the highest common divisor of 5 and 215?
5
Calculate the highest common factor of 10360 and 7.
7
Calculate the greatest common factor of 7 and 6559.
7
What is the highest common divisor of 102 and 123?
3
Calculate the greatest common divisor of 4 and 82.
2
What is the greatest common factor of 483 and 231?
21
Calculate the greatest common divisor of 2485 and 945.
35
Calculate the highest common divisor of 11094 and 12.
6
What is the highest common divisor of 91 and 13?
13
What is the greatest common factor of 12190 and 690?
230
What is the greatest common factor of 876 and 36?
12
Calculate the highest common factor of 234 and 90.
18
Calculate the greatest common factor of 2981 and 99.
11
Calculate the highest common factor of 64 and 40.
8
Calculate the highest common factor of 177 and 1003.
59
What is the highest common divisor of 81 and 204?
3
What is the highest common factor of 15 and 48?
3
What is the greatest common divisor of 8 and 200?
8
What is the greatest common divisor of 328 and 246?
82
Calculate the greatest common factor of 672 and 96.
96
Calculate the greatest common factor of 598 and 46.
46
What is the highest common factor of 646 and 57?
19
What is the greatest common divisor of 689 and 143?
13
What is the greatest common divisor of 104 and 78?
26
Calculate the greatest common divisor of 637 and 52.
13
What is the greatest common divisor of 76 and 4?
4
What is the greatest common divisor of 1998 and 54?
54
Calculate the greatest common divisor of 260 and 340.
20
Calculate the highest common divisor of 135 and 45.
45
Calculate the highest common divisor of 12 and 45.
3
Calculate the greatest common factor of 77 and 329.
7
What is the greatest common divisor of 1856 and 416?
32
Calculate the greatest common factor of 2210 and 850.
170
Calculate the greatest common factor of 66 and 33.
33
What is the greatest common factor of 368 and 115?
23
Calculate the highest common factor of 285 and 555.
15
Calculate the greatest common factor of 585 and 135.
45
What is the highest common divisor of 18 and 8388?
18
What is the greatest common divisor of 32 and 6?
2
Calculate the highest common divisor of 11046 and 84.
42
Calculate the highest common divisor of 155 and 115.
5
What is the highest common divisor of 88 and 4?
4
Calculate the highest common factor of 3682 and 14.
14
What is the highest common factor of 49 and 49?
49
Calculate the highest common divisor of 305 and 5.
5
What is the highest common divisor of 146 and 219?
73
What is the greatest common factor of 372 a